pose -3 = 5*o - 18. Suppose -o*u - 32 = -4*u - 3*r, -104 = -5*u - r. What is the remainder when 97 is divided by u?
17
Suppose 15*q - 29*q = -812. Suppose l = -l + q. What is the remainder when 139 is divided by l?
23
Let j = -195 - -231. What is the remainder when j is divided by 10?
6
Let z = -3 + 3. Suppose 0 = -3*k + 3*j - z*j + 156, k + 3*j = 56. Suppose -3*r = 5*q + r - 50, 2*q - 5*r = k. Calculate the remainder when q is divided by 9.
5
Let s = 488 - 288. Suppose -4*p + 4*v = -s, 0 = 5*p + 3*v + v - 241. Suppose 5*d = f + 46, 4*f + p = -d + 6*d. Calculate the remainder when d is divided by 3.
0
Suppose 0 = 6*g - 1067 - 193. Calculate the remainder when g is divided by 72.
66
Suppose 3*d = 689 - 434. What is the remainder when d is divided by 32?
21
Let c(y) = -y**2 - 5*y - 4. Let g be c(-5). Let f(n) = -n**2 - 6*n - 1. Calculate the remainder when f(g) is divided by 5.
2
Suppose 5*k + 4*s = -75 + 205, 0 = 5*k - 5*s - 130. What is the remainder when k is divided by 15?
11
What is the remainder when 460 is divided by (-1156)/(-36) + (-28)/252?
12
Let o = 872 + -641. What is the remainder when o is divided by 9?
6
Suppose -5*u + 63 = -2*g, -51 = -4*u + 3*g - 2*g. What is the remainder when 23 is divided by u?
10
Let q(z) = z**3 + 14*z**2 + 7. Let v be q(-14). Let p = v - 6. Calculate the remainder when 64 is divided by (-7)/14*p*-44.
20
Suppose 0*a + 3*a = 120. Calculate the remainder when 15108/96 - 9/24 is divided by a.
37
Let x(z) be the second derivative of z**4/12 - 5*z**3/6 + 3*z**2 + 6*z. Suppose r + 0*r - 16 = 0. What is the remainder when r is divided by x(5)?
4
Let l(h) = h**2 + 8. Suppose 4*j + 2*r = 42, 4*r + 1 = 2*j - 5. Calculate the remainder when l(4) is divided by j.
6
Let u(w) = w**3 - 4*w**2 + 2*w + 1. Calculate the remainder when u(4) is divided by (-2)/8 - 147/(-28).
4
Suppose 96 - 18 = 2*p - 5*v, 2*p - 3*v - 78 = 0. Let s = p - 13. What is the remainder when 103 is divided by s?
25
What is the remainder when (39 - -1) + (7/7 - -5) is divided by 8?
6
Suppose 216 = 5*u - 4*k, 2*k - k = u - 43. Calculate the remainder when u is divided by 9.
8
Let o(r) = 3*r - 1. Let g be o(2). Let u(l) = 2*l**2 - 2*l - 4. Let t be u(g). Suppose 0*c - 2*c = -t. What is the remainder when c is divided by 5?
3
Let t(u) = u**3 - 15*u**2 + 8. Calculate the remainder when 30 is divided by t(15).
6
Let f(w) = -2*w**3 - 24*w**2 - 5*w + 26. Calculate the remainder when f(-12) is divided by 31.
24
Suppose 0 = 3*p - 192 - 0. Suppose -6*k = -3*k + 15. Let t = 18 + k. Calculate the remainder when p is divided by t.
12
Let n = -2343 + 2362. Calculate the remainder when 122 is divided by n.
8
Suppose -41*y - 432 = -59*y. Calculate the remainder when 1606 is divided by y.
22
Suppose -4*z - 4*a = -14 - 34, 3*a = z. Suppose -5*o = -15, -i - 2*o = -5*i + 78. Calculate the remainder when i is divided by z.
3
Calculate the remainder when ((0 - -1) + -8 + 9)/1 is divided by (-4 - (-1 + 7/(-2)))*2.
0
Let u(m) = 7*m**2 + 21*m + 101. Calculate the remainder when u(-6) is divided by 10.
7
Suppose 0 = 7*n + 50 - 323. Calculate the remainder when n is divided by 9.
3
Let r = -4 - -10. Calculate the remainder when 1 - (-1)/2 - (-4947)/194 is divided by r.
3
Suppose 3*y + 228 = 22*y. Let x = 278 + -172. What is the remainder when x is divided by y?
10
Suppose 3*c - 29 = 7. Suppose -6*b + 2*b = -c. Calculate the remainder when (-28)/(-2)*12/b is divided by 19.
18
What is the remainder when 61 is divided by (-2)/11 + 1095/33?
28
Let y(l) = l**2 - 7*l - 56. What is the remainder when y(18) is divided by 6?
4
Suppose -5*v - l + 0*l = -639, -2*l - 514 = -4*v. Let o(j) = j**2 - 12*j + 44. Calculate the remainder when v is divided by o(11).
29
Let j = -11 + 23. What is the remainder when j is divided by (-27*23/(-2691))/((-1)/(-13))?
0
Suppose 0 = -8*k + 148 + 380. Suppose 7*a + 3*n - k = 4*a, -a = -5*n + 8. Calculate the remainder when 45 is divided by a.
11
Let x = 4 + -2. Suppose -x = -f - 5*t - 13, 3*t + 25 = 4*f. Suppose -f*g - 2 - 3 = p, -4*p + 45 = 3*g. What is the remainder when 42 is divided by p?
12
Let a be (-1)/2 - (-3)/6. Let o be a*(-1)/(-3) - -2. Suppose -3*d - o*d + 15 = 0. Calculate the remainder when 7 is divided by d.
1
Let a = -20 + 22. Suppose a*s - 3*s + 5 = 0. What is the remainder when s is divided by 2?
1
Let q = -27 + 45. Suppose 0 = 66*s - 52*s - 182. Calculate the remainder when q is divided by s.
5
Suppose 5*d + 101 = y, 0 = -3*y - 5*d + 231 + 12. What is the remainder when y is divided by 8?
6
Suppose -2 = -2*b + c, 2*c + 3*c = -20. Let r be (-14 - 7)/(b/2). Let y = -23 + r. What is the remainder when y is divided by 7?
5
Let h(x) = -4*x**3 + 11*x**2 + x + 16. Let g(a) = -a**3 + a**2 + a + 1. Let j(w) = 3*g(w) - h(w). What is the remainder when 5 is divided by j(8)?
2
Let g = -60 - -54. What is the remainder when 5 is divided by (6 - -9)*(4/(-2))/g?
0
Let t = 908 - 858. Calculate the remainder when 96 is divided by t.
46
Suppose -3*d + 3*t = -3237, d - 5*t - 1073 = -7*t. Calculate the remainder when d is divided by 40.
37
Let i(b) be the third derivative of 35*b**4/24 - 2*b**3/3 - 33*b**2. What is the remainder when i(3) is divided by 35?
31
Let g(k) = k**3 - 5*k**2 + 12. Let i be g(5). What is the remainder when 44 is divided by ((-138)/i)/((-3)/6)?
21
Suppose 2*s = -5*k + k + 216, 0 = 4*k - 5*s - 244. What is the remainder when k is divided by 19?
18
Let d(y) = -17*y - 6. Let f(x) = -x. Let o be f(5). What is the remainder when d(o) is divided by 10?
9
Suppose 3*p = 5*b - 11*b + 399, 305 = 5*b - 3*p. What is the remainder when b is divided by 14?
8
Let q = -663 + 877. What is the remainder when q is divided by 12?
10
Let i(t) = t**3 - t**2 - 1. Let a(k) = 4*k**3 + 12*k**2 + 16*k + 39. Let j(s) = a(s) - 5*i(s). What is the remainder when 39 is divided by j(18)?
7
Let t(w) = 6*w**2 - 36*w + 89. Calculate the remainder when t(3) is divided by -2 + 1 - 11*-1.
5
Suppose 163 = 27*l - 1160. What is the remainder when 134 is divided by l?
36
Let w = 107 - 75. What is the remainder when w is divided by 9?
5
Let q(v) = v**3 - v**2 + v + 16. Suppose 50 = 55*j - 50*j. Calculate the remainder when q(0) is divided by j.
6
Suppose 0 = -6*r + 4*r + 10. Suppose -2*c = -4*m - 50, -r*m + 12 = 2*c - 38. What is the remainder when c is divided by 9?
7
Calculate the remainder when 165 is divided by 843/15 - 15/((-300)/16).
51
Let r(y) = 26*y - 15. Calculate the remainder when 480 is divided by r(2).
36
Suppose -3*m = 4*k - 22, 3*m + 4*k - 21 = k. Let l be ((-3)/m)/(1/(-16)). Calculate the remainder when 44 is divided by l - 8 - -15*1.
14
Suppose 9*l - 11*l + 18 = 0. Suppose 10*q - l*q - 27 = 0. What is the remainder when 51 is divided by q?
24
Suppose -4*f + 115 = -17. What is the remainder when (0 + 1)/(3/390) is divided by f?
31
Let p(h) = -h**2 + 7*h - 4. Let s be p(6). Suppose 5*u - 3*n - 1305 = 0, s*u = -2*n + 543 - 21. What is the remainder when u is divided by 33?
30
Let r(j) = 12*j**2 - 6*j - 5. What is the remainder when 56 is divided by r(2)?
25
Let x(v) = -v**3 + v**2 + 2*v - 3. What is the remainder when 551 is divided by x(-4)?
68
Let t(h) = h**3 - 5*h**2 - 19*h - 1. What is the remainder when t(8) is divided by 4?
3
Suppose 4*s - 2 = 10. Suppose 3*n - 4*n + 3*d + 31 = 0, 2*d = s*n - 93. What is the remainder when n is divided by 7?
3
Let r = -541 - -822. Calculate the remainder when r is divided by 71.
68
Let g be 12/18 + 26/6. Let v = 7 - g. Suppose -46 = -4*o + v*o. What is the remainder when o is divided by 8?
7
Suppose 137*c + h - 84 = 132*c, 3*c = -2*h + 56. What is the remainder when 121 is divided by c?
9
Let u = 1359 + -608. Calculate the remainder when u is divided by 58.
55
Let d(o) = 11*o + 2. Let u(c) = -3*c - 55. Let t be u(-20). Suppose -4*x - 88 = -t*n, 0*x - 82 = -5*n + x. Calculate the remainder when d(4) is divided by n.
14
Suppose 27*c - 1248 = 993. Calculate the remainder when c is divided by 26.
5
Suppose 5*u + 20 = 540. Let g = -76 + u. Suppose 0 = c + 4*c - 75. Calculate the remainder when g is divided by c.
13
Suppose -659*y - 120 = -669*y. What is the remainder when 249 is divided by y?
9
Suppose 0 = 92*h - 126*h + 1904. Calculate the remainder when 216 is divided by h.
48
Suppose 3*u = 4*k + k + 60, -32 = 3*k - u. What